{"id":132,"date":"2024-05-22T10:51:38","date_gmt":"2024-05-22T08:51:38","guid":{"rendered":"https:\/\/zdow.pl\/rlks\/?page_id=132"},"modified":"2024-05-22T10:51:38","modified_gmt":"2024-05-22T08:51:38","slug":"rodo","status":"publish","type":"page","link":"https:\/\/zdow.pl\/rlks\/rodo\/","title":{"rendered":"RODO"},"content":{"rendered":"\n<p><strong>Zgodnie z art. 6 ust. 1 lit. a og\u00f3lnego rozporz\u0105dzenia o ochronie danych z dnia 27 kwietnia 2016 r. (RODO) (Dz. Urz. UE L 119 z 04.05.2016) wyra\u017cam zgod\u0119 na przetwarzanie moich danych osobowych podanych w niniejszym formularzu, wniosku, podaniu i w celu w min okre\u015blonym.<\/strong><\/p>\n\n\n\n<p><strong>Klauzula:<\/strong><\/p>\n\n\n\n<p>Zgodnie z art. 13 og\u00f3lnego rozporz\u0105dzenia o ochronie danych osobowych z dnia 27 kwietnia 2016r. (RODO) (Dz. Urz. UE L 119 z 04.05.2016) informujemy:<\/p>\n\n\n\n<p>1) Administratorem Pa\u0144stwa danych osobowych przetwarzanych w Zielonej Dolinie Odry i Warty w G\u00f3rzycy jest Prezes Zarz\u0105du Zielonej Doliny Odry i Warty, ul. 1 Maja 1B, 69-113 G\u00f3rzyca, email:biuro@zdow.pl<\/p>\n\n\n\n<p>2) Je\u015bli maj\u0105 Pa\u0144stwo pytania dotycz\u0105ce sposobu i zakresu przetwarzania danych osobowych mo\u017cecie Pa\u0144stwo skontaktowa\u0107 si\u0119 z Administratorem Ochrony Danych, kontakt listowny na adres Administratora lub email: biuro@zdow.pl<\/p>\n\n\n\n<p>3) Administrator danych osobowych przetwarza Pani\/Pana dane osobowe na podstawie obowi\u0105zuj\u0105cych przepis\u00f3w prawa oraz na podstawie udzielonej zgody, zgodnie z 6 ust. 1 lit. a) i lit. c) RODO.<\/p>\n\n\n\n<p>4) Pa\u0144stwa dane osobowe przetwarzane s\u0105 w celu: wype\u0142nienia obowi\u0105zk\u00f3w prawnych, wy\u0142\u0105cznie w zakresie i celu okre\u015blonym w powy\u017cszym wniosku, formularzu, podaniu.<\/p>\n\n\n\n<p>5) W zwi\u0105zku z przetwarzaniem danych osobowych w celach, o kt\u00f3rych mowa powy\u017cej odbiorcami Pa\u0144stwa danych osobowych mog\u0105 by\u0107: organy i podmioty uprawnione w zakresie i w celach, kt\u00f3re wynikaj\u0105 z przepis\u00f3w obowi\u0105zuj\u0105cego prawa, inne podmioty, kt\u00f3re na podstawie podpisanych stosownych um\u00f3w przetwarzaj\u0105 dane osobowe na zlecenie Administratora.<\/p>\n\n\n\n<p>6) Pa\u0144stwa dane osobowe b\u0119d\u0105 przechowywane przez okres niezb\u0119dny do realizacji cel\u00f3w okre\u015blonych powy\u017cej, a po tym czasie przez okres oraz w zakresie wymaganym przez przepisy obowi\u0105zuj\u0105cego prawa.<\/p>\n\n\n\n<p>7) W zwi\u0105zku z przetwarzaniem danych osobowych przys\u0142uguj\u0105 Pa\u0144stwu nast\u0119puj\u0105ce uprawnienia: prawo dost\u0119pu, w tym prawo do uzyskania kopii, prawo do \u017c\u0105dania poprawiania, sprostowania; prawo do cofni\u0119cia zgody na przetwarzanie w dowolnym momencie, bez wp\u0142ywu na zgodno\u015b\u0107 z prawem przetwarzania, kt\u00f3rego dokonano na podstawie zgody przed jej cofni\u0119ciem, w przypadkach przewidzianych prawem prawo do \u017c\u0105dania usuni\u0119cia, prawo do \u017c\u0105dania ograniczenia przetwarzania, prawo do przenoszenia, prawo sprzeciwu wobec przetwarzania.<\/p>\n\n\n\n<p>8) W przypadku powzi\u0119cia informacji o niezgodnym z prawem przetwarzaniu danych osobowych, przys\u0142uguje Pa\u0144stwu prawo wniesienia skargi do organu nadzorczego w\u0142a\u015bciwego w sprawach ochrony danych osobowych tj. Prezesa Urz\u0119du Ochrony Danych Osobowych.<\/p>\n\n\n\n<p>9) Podanie przez Pa\u0144stwa danych osobowych jest warunkiem z\u0142o\u017cenia i rozpatrzenia sk\u0142adanego wniosku, formularza, podania. Wniosek, formularz, podanie bez podanych danych osobowych nie zostanie rozpatrzony.<\/p>\n\n\n\n<p>10) Pa\u0144stwa dane osobowe nie b\u0119d\u0105 podlega\u0107 profilowaniu oraz automatycznemu podejmowaniu decyzji, nie b\u0119d\u0105 przekazywane do pa\u0144stwa trzeciego, ani udost\u0119pniane organizacjom mi\u0119dzynarodowym.<\/p>\n","protected":false},"excerpt":{"rendered":"<p>Zgodnie z art. 6 ust. 1 lit. a og\u00f3lnego rozporz\u0105dzenia o ochronie danych z dnia 27 kwietnia 2016 r. (RODO) (Dz. Urz. UE L 119 z 04.05.2016) wyra\u017cam zgod\u0119 na przetwarzanie moich danych osobowych podanych w niniejszym formularzu, wniosku, podaniu i w celu w min okre\u015blonym. Klauzula: Zgodnie z art. 13 og\u00f3lnego rozporz\u0105dzenia o ochronie<span class=\"dots\"> &hellip; <\/span><span class=\"link-more\"><a href=\"https:\/\/zdow.pl\/rlks\/rodo\/\" class=\"more-link\">Read more <span class=\"screen-reader-text\">&#8222;RODO&#8221;<\/span><\/a><\/span><\/p>\n","protected":false},"author":1,"featured_media":0,"parent":0,"menu_order":0,"comment_status":"closed","ping_status":"closed","template":"","meta":{"footnotes":""},"class_list":["post-132","page","type-page","status-publish","hentry"],"_links":{"self":[{"href":"https:\/\/zdow.pl\/rlks\/wp-json\/wp\/v2\/pages\/132","targetHints":{"allow":["GET"]}}],"collection":[{"href":"https:\/\/zdow.pl\/rlks\/wp-json\/wp\/v2\/pages"}],"about":[{"href":"https:\/\/zdow.pl\/rlks\/wp-json\/wp\/v2\/types\/page"}],"author":[{"embeddable":true,"href":"https:\/\/zdow.pl\/rlks\/wp-json\/wp\/v2\/users\/1"}],"replies":[{"embeddable":true,"href":"https:\/\/zdow.pl\/rlks\/wp-json\/wp\/v2\/comments?post=132"}],"version-history":[{"count":1,"href":"https:\/\/zdow.pl\/rlks\/wp-json\/wp\/v2\/pages\/132\/revisions"}],"predecessor-version":[{"id":133,"href":"https:\/\/zdow.pl\/rlks\/wp-json\/wp\/v2\/pages\/132\/revisions\/133"}],"wp:attachment":[{"href":"https:\/\/zdow.pl\/rlks\/wp-json\/wp\/v2\/media?parent=132"}],"curies":[{"name":"wp","href":"https:\/\/api.w.org\/{rel}","templated":true}]}}

<p><strong>Zgodnie z art. 6 ust. 1 lit. a ogólnego rozporządzenia o ochronie danych z dnia 27 kwietnia 2016 r. (RODO) (Dz. Urz. UE L 119 z 04.05.2016) wyrażam zgodę na przetwarzanie moich danych osobowych podanych w niniejszym formularzu, wniosku, podaniu i w celu w min określonym.</strong></p>



<p><strong>Klauzula:</strong></p>



<p>Zgodnie z art. 13 ogólnego rozporządzenia o ochronie danych osobowych z dnia 27 kwietnia 2016r. (RODO) (Dz. Urz. UE L 119 z 04.05.2016) informujemy:</p>



<p>1) Administratorem Państwa danych osobowych przetwarzanych w Zielonej Dolinie Odry i Warty w Górzycy jest Prezes Zarządu Zielonej Doliny Odry i Warty, ul. 1 Maja 1B, 69-113 Górzyca, email:biuro@zdow.pl</p>



<p>2) Jeśli mają Państwo pytania dotyczące sposobu i zakresu przetwarzania danych osobowych możecie Państwo skontaktować się z Administratorem Ochrony Danych, kontakt listowny na adres Administratora lub email: biuro@zdow.pl</p>



<p>3) Administrator danych osobowych przetwarza Pani/Pana dane osobowe na podstawie obowiązujących przepisów prawa oraz na podstawie udzielonej zgody, zgodnie z 6 ust. 1 lit. a) i lit. c) RODO.</p>



<p>4) Państwa dane osobowe przetwarzane są w celu: wypełnienia obowiązków prawnych, wyłącznie w zakresie i celu określonym w powyższym wniosku, formularzu, podaniu.</p>



<p>5) W związku z przetwarzaniem danych osobowych w celach, o których mowa powyżej odbiorcami Państwa danych osobowych mogą być: organy i podmioty uprawnione w zakresie i w celach, które wynikają z przepisów obowiązującego prawa, inne podmioty, które na podstawie podpisanych stosownych umów przetwarzają dane osobowe na zlecenie Administratora.</p>



<p>6) Państwa dane osobowe będą przechowywane przez okres niezbędny do realizacji celów określonych powyżej, a po tym czasie przez okres oraz w zakresie wymaganym przez przepisy obowiązującego prawa.</p>



<p>7) W związku z przetwarzaniem danych osobowych przysługują Państwu następujące uprawnienia: prawo dostępu, w tym prawo do uzyskania kopii, prawo do żądania poprawiania, sprostowania; prawo do cofnięcia zgody na przetwarzanie w dowolnym momencie, bez wpływu na zgodność z prawem przetwarzania, którego dokonano na podstawie zgody przed jej cofnięciem, w przypadkach przewidzianych prawem prawo do żądania usunięcia, prawo do żądania ograniczenia przetwarzania, prawo do przenoszenia, prawo sprzeciwu wobec przetwarzania.</p>



<p>8) W przypadku powzięcia informacji o niezgodnym z prawem przetwarzaniu danych osobowych, przysługuje Państwu prawo wniesienia skargi do organu nadzorczego właściwego w sprawach ochrony danych osobowych tj. Prezesa Urzędu Ochrony Danych Osobowych.</p>



<p>9) Podanie przez Państwa danych osobowych jest warunkiem złożenia i rozpatrzenia składanego wniosku, formularza, podania. Wniosek, formularz, podanie bez podanych danych osobowych nie zostanie rozpatrzony.</p>



<p>10) Państwa dane osobowe nie będą podlegać profilowaniu oraz automatycznemu podejmowaniu decyzji, nie będą przekazywane do państwa trzeciego, ani udostępniane organizacjom międzynarodowym.</p>

<p>Zgodnie z art. 6 ust. 1 lit. a ogólnego rozporządzenia o ochronie danych z dnia 27 kwietnia 2016 r. (RODO) (Dz. Urz. UE L 119 z 04.05.2016) wyrażam zgodę na przetwarzanie moich danych osobowych podanych w niniejszym formularzu, wniosku, podaniu i w celu w min określonym. Klauzula: Zgodnie z art. 13 ogólnego rozporządzenia o ochronie<span class="dots"> &hellip; </span><span class="link-more"><a href="https://zdow.pl/rlks/rodo/" class="more-link">Read more <span class="screen-reader-text">&#8222;RODO&#8221;</span></a></span></p>
