{"id":357,"date":"2026-04-02T12:29:25","date_gmt":"2026-04-02T10:29:25","guid":{"rendered":"https:\/\/zdow.pl\/rlks\/?page_id=357"},"modified":"2026-04-27T12:54:10","modified_gmt":"2026-04-27T10:54:10","slug":"grantobiorcy","status":"publish","type":"page","link":"https:\/\/zdow.pl\/rlks\/grantobiorcy\/","title":{"rendered":"Grantobiorcy"},"content":{"rendered":"\n<p>(aktualizacja, 2.04.2026, 27.04.2026)<\/p>\n\n\n\n<p>Szanowni Pa\u0144stwo,<\/p>\n\n\n\n<p>na tej stronie publikujemy dokumenty pomocne i nizb\u0119dne przy realizacji projekt\u00f3w grantowych z funduszu EFS+ realizowanych w ramach naszych nabor\u00f3w.<\/p>\n\n\n\n<p>Dzia\u0142anie 7.4 Rozw\u00f3j potencja\u0142u spo\u0142eczno\u015bci lokalnych ZDOW\u201d nr projektu: FELB.07.04-IZ.00-0001\/25<\/p>\n\n\n\n<p>1.Propozycja regulaminu rekrutacji <\/p>\n\n\n\n<div class=\"wp-block-file\"><a id=\"wp-block-file--media-b23ede4e-ef02-47ab-82ec-ee0b635b043c\" href=\"https:\/\/zdow.pl\/rlks\/wp-content\/uploads\/2026\/04\/regulamin_rekrutacji.odt\">regulamin_rekrutacji<\/a><a href=\"https:\/\/zdow.pl\/rlks\/wp-content\/uploads\/2026\/04\/regulamin_rekrutacji.odt\" class=\"wp-block-file__button wp-element-button\" download aria-describedby=\"wp-block-file--media-b23ede4e-ef02-47ab-82ec-ee0b635b043c\">Pobierz<\/a><\/div>\n\n\n\n<p>2.Propozycja formularzu rekrutacyjnego<\/p>\n\n\n\n<div class=\"wp-block-file\"><a id=\"wp-block-file--media-0ac69d07-0e08-4c3a-8e7f-a05b1bfbd0c7\" href=\"https:\/\/zdow.pl\/rlks\/wp-content\/uploads\/2026\/04\/formularz_rekrutacyjny_ZDOiW.pdf\">formularz_rekrutacyjny_ZDOiW<\/a><a href=\"https:\/\/zdow.pl\/rlks\/wp-content\/uploads\/2026\/04\/formularz_rekrutacyjny_ZDOiW.pdf\" class=\"wp-block-file__button wp-element-button\" download aria-describedby=\"wp-block-file--media-0ac69d07-0e08-4c3a-8e7f-a05b1bfbd0c7\">Pobierz<\/a><\/div>\n\n\n\n<p>3.Propozycja ankiety monitoruj\u0105cej rezultat<\/p>\n\n\n\n<div class=\"wp-block-file\"><a id=\"wp-block-file--media-e0acded6-0599-4eb8-a278-a015101f9ccf\" href=\"https:\/\/zdow.pl\/rlks\/wp-content\/uploads\/2026\/04\/ankieta_monitorujaca_rezultat.odt\">ankieta_monitoruj\u0105ca_rezultat<\/a><a href=\"https:\/\/zdow.pl\/rlks\/wp-content\/uploads\/2026\/04\/ankieta_monitorujaca_rezultat.odt\" class=\"wp-block-file__button wp-element-button\" download aria-describedby=\"wp-block-file--media-e0acded6-0599-4eb8-a278-a015101f9ccf\">Pobierz<\/a><\/div>\n\n\n\n<p>AKTUALIZACJA 27.04.2026:<\/p>\n\n\n\n<p>4.Wz\u00f3r szczeg\u00f3\u0142owego harmonogramu wsparcia<\/p>\n\n\n\n<div class=\"wp-block-file\"><a id=\"wp-block-file--media-f1665a66-a32e-476c-ba34-e3416333c99a\" href=\"https:\/\/zdow.pl\/rlks\/wp-content\/uploads\/2026\/04\/11_Szczegolowy-harmonogram-udzielania-wsparcia.odt\">11_Szczeg\u00f3\u0142owy harmonogram udzielania wsparcia<\/a><a href=\"https:\/\/zdow.pl\/rlks\/wp-content\/uploads\/2026\/04\/11_Szczegolowy-harmonogram-udzielania-wsparcia.odt\" class=\"wp-block-file__button wp-element-button\" download aria-describedby=\"wp-block-file--media-f1665a66-a32e-476c-ba34-e3416333c99a\">Pobierz<\/a><\/div>\n\n\n\n<p>5.Wz\u00f3r harmonogramu p\u0142atno\u015bci<\/p>\n\n\n\n<div class=\"wp-block-file\"><a id=\"wp-block-file--media-97c5fd3e-26a6-4cd5-93ff-dac871b9f7f1\" href=\"https:\/\/zdow.pl\/rlks\/wp-content\/uploads\/2026\/04\/09_hramonogram_platnosci.odt\">09_hramonogram_platno\u015bci<\/a><a href=\"https:\/\/zdow.pl\/rlks\/wp-content\/uploads\/2026\/04\/09_hramonogram_platnosci.odt\" class=\"wp-block-file__button wp-element-button\" download aria-describedby=\"wp-block-file--media-97c5fd3e-26a6-4cd5-93ff-dac871b9f7f1\">Pobierz<\/a><\/div>\n\n\n\n<p>6. Propozycja wzoru listy obecno\u015bci<\/p>\n\n\n\n<div class=\"wp-block-file\"><a id=\"wp-block-file--media-d63fd28f-bf26-4356-b2c4-6c4cc7c09939\" href=\"https:\/\/zdow.pl\/rlks\/wp-content\/uploads\/2026\/04\/12_Lista-obecnosci.odt\">12_Lista obecno\u015bci<\/a><a href=\"https:\/\/zdow.pl\/rlks\/wp-content\/uploads\/2026\/04\/12_Lista-obecnosci.odt\" class=\"wp-block-file__button wp-element-button\" download aria-describedby=\"wp-block-file--media-d63fd28f-bf26-4356-b2c4-6c4cc7c09939\">Pobierz<\/a><\/div>\n\n\n\n<p>7.Wz\u00f3r wniosku o rozliczenie grantu\/wniosku o p\u0142atno\u015b\u0107 ko\u0144cow\u0105<\/p>\n\n\n\n<div class=\"wp-block-file\"><a id=\"wp-block-file--media-4473838e-e3d9-4d7b-a9b3-33a6cac5008c\" href=\"https:\/\/zdow.pl\/rlks\/wp-content\/uploads\/2026\/04\/10_wniosek_o_rozliczenie_grantu.odt\">10_wniosek_o_rozliczenie_grantu<\/a><a href=\"https:\/\/zdow.pl\/rlks\/wp-content\/uploads\/2026\/04\/10_wniosek_o_rozliczenie_grantu.odt\" class=\"wp-block-file__button wp-element-button\" download aria-describedby=\"wp-block-file--media-4473838e-e3d9-4d7b-a9b3-33a6cac5008c\">Pobierz<\/a><\/div>\n\n\n\n<div class=\"wp-block-file\"><a id=\"wp-block-file--media-0408cfa6-961c-4e5e-9c66-aace97935b60\" href=\"https:\/\/zdow.pl\/rlks\/wp-content\/uploads\/2026\/04\/10a_wniosek_o_rozliczenie_grantu_TABELE.ods\">10a_wniosek_o_rozliczenie_grantu_TABELE<\/a><a href=\"https:\/\/zdow.pl\/rlks\/wp-content\/uploads\/2026\/04\/10a_wniosek_o_rozliczenie_grantu_TABELE.ods\" class=\"wp-block-file__button wp-element-button\" download aria-describedby=\"wp-block-file--media-0408cfa6-961c-4e5e-9c66-aace97935b60\">Pobierz<\/a><\/div>\n\n\n\n<p>8. Zestaw za\u0142\u0105cznik\u00f3w do umowy<\/p>\n\n\n\n<div class=\"wp-block-file\"><a id=\"wp-block-file--media-2556b63f-bc07-48f6-a629-72bbf8bd4f2b\" href=\"https:\/\/zdow.pl\/rlks\/wp-content\/uploads\/2026\/04\/dokumenty_do_umowy_granty.zip\">dokumenty_do_umowy_granty<\/a><a href=\"https:\/\/zdow.pl\/rlks\/wp-content\/uploads\/2026\/04\/dokumenty_do_umowy_granty.zip\" class=\"wp-block-file__button wp-element-button\" download aria-describedby=\"wp-block-file--media-2556b63f-bc07-48f6-a629-72bbf8bd4f2b\">Pobierz<\/a><\/div>\n\n\n\n<p><\/p>\n","protected":false},"excerpt":{"rendered":"<p>(aktualizacja, 2.04.2026, 27.04.2026) Szanowni Pa\u0144stwo, na tej stronie publikujemy dokumenty pomocne i nizb\u0119dne przy realizacji projekt\u00f3w grantowych z funduszu EFS+ realizowanych w ramach naszych nabor\u00f3w. Dzia\u0142anie 7.4 Rozw\u00f3j potencja\u0142u spo\u0142eczno\u015bci lokalnych ZDOW\u201d nr projektu: FELB.07.04-IZ.00-0001\/25 1.Propozycja regulaminu rekrutacji 2.Propozycja formularzu rekrutacyjnego 3.Propozycja ankiety monitoruj\u0105cej rezultat AKTUALIZACJA 27.04.2026: 4.Wz\u00f3r szczeg\u00f3\u0142owego harmonogramu wsparcia 5.Wz\u00f3r harmonogramu p\u0142atno\u015bci 6.<span class=\"dots\"> &hellip; <\/span><span class=\"link-more\"><a href=\"https:\/\/zdow.pl\/rlks\/grantobiorcy\/\" class=\"more-link\">Read more <span class=\"screen-reader-text\">&#8222;Grantobiorcy&#8221;<\/span><\/a><\/span><\/p>\n","protected":false},"author":1,"featured_media":0,"parent":0,"menu_order":0,"comment_status":"closed","ping_status":"closed","template":"","meta":{"footnotes":""},"class_list":["post-357","page","type-page","status-publish","hentry"],"_links":{"self":[{"href":"https:\/\/zdow.pl\/rlks\/wp-json\/wp\/v2\/pages\/357","targetHints":{"allow":["GET"]}}],"collection":[{"href":"https:\/\/zdow.pl\/rlks\/wp-json\/wp\/v2\/pages"}],"about":[{"href":"https:\/\/zdow.pl\/rlks\/wp-json\/wp\/v2\/types\/page"}],"author":[{"embeddable":true,"href":"https:\/\/zdow.pl\/rlks\/wp-json\/wp\/v2\/users\/1"}],"replies":[{"embeddable":true,"href":"https:\/\/zdow.pl\/rlks\/wp-json\/wp\/v2\/comments?post=357"}],"version-history":[{"count":10,"href":"https:\/\/zdow.pl\/rlks\/wp-json\/wp\/v2\/pages\/357\/revisions"}],"predecessor-version":[{"id":391,"href":"https:\/\/zdow.pl\/rlks\/wp-json\/wp\/v2\/pages\/357\/revisions\/391"}],"wp:attachment":[{"href":"https:\/\/zdow.pl\/rlks\/wp-json\/wp\/v2\/media?parent=357"}],"curies":[{"name":"wp","href":"https:\/\/api.w.org\/{rel}","templated":true}]}}